 47 + -44. Suppose 6*a = 255 - w. Is a a multiple of 9?
False
Let z(t) be the first derivative of 25*t**2/2 - 3*t + 9. Does 11 divide z(2)?
False
Let r(l) = -2*l**3 - 7*l**2 - 2*l + 7. Let c be r(-3). Suppose c*a - 188 = -v, -5*v + 5*a + 0*a + 815 = 0. Is 24 a factor of v?
True
Is 117 a factor of 2/16 + ((-1259180)/32)/(-13)?
False
Let l(a) = -23*a**2 + 5*a + 2. Let w(h) = -23*h**2 + 6*h + 2. Let p(r) = -7*l(r) + 6*w(r). Let n = 1 + 0. Is 17 a factor of p(n)?
False
Suppose -m - v + 106 = 0, -2*m + 4*v + 224 = -0*m. Suppose -113*t = -m*t - 1270. Does 22 divide t?
False
Let a(m) = 38*m - 281. Does 36 divide a(13)?
False
Let m be (2 + (45 - -1))/(4/14). Let q = m - 72. Does 6 divide q?
True
Let p(o) = -o**2 - 7*o. Let c be p(-7). Suppose 5*g - 2*g - 180 = c. Suppose 0 = -4*j + 188 - g. Does 16 divide j?
True
Suppose -2*r = -7*r. Suppose -2*m + 0*m = -3*y - 52, -4*m + 3*y + 116 = r. Is m a multiple of 8?
True
Let b = -2610 - -4143. Does 43 divide b?
False
Suppose -4*v - 2*m + 5*m + 10595 = 0, 0 = 5*v - 3*m - 13240. Does 11 divide v?
False
Suppose -3*i - 79 = t - 6*t, -64 = -4*t + 2*i. Let p = 21 - t. Suppose 47 = p*a - 65. Is 14 a factor of a?
True
Let y = -24 + 49. Let w be (1 - 7)*y/(-30). Is 7*-30*(-2)/w a multiple of 28?
True
Let g(m) be the second derivative of -7*m**5/10 - m**4/12 - m**3/6 - 13*m. Does 3 divide g(-1)?
False
Let k be (3/6)/(3/(-2772)). Let w be ((-1)/(-3))/((-2)/k). Let s = 4 + w. Does 16 divide s?
False
Suppose 0 = 7*n + 1058 - 8954. Is n a multiple of 24?
True
Let d = 341 + -53. Is 16 a factor of d?
True
Let j(f) = -f**2 + 6*f + 5. Let v be j(7). Let g be -3 + -1 + 40 - v. Suppose 0 = -4*r + 2 + g. Is r a multiple of 4?
False
Suppose 0 = -6*g + 2*g + 5*r + 2303, 2*g - 2*r - 1150 = 0. Is g a multiple of 7?
False
Let z(l) = -l**3 + 6*l**2 + 9*l + 6. Let r be z(7). Let y = -19 + r. Does 19 divide y - (-33 - (-16)/(-4))?
True
Let n(z) = -12*z + 9. Suppose 0 = 5*y + 4*p + 16 + 1, -2*y - p - 8 = 0. Does 12 divide n(y)?
False
Let j = 1 + 0. Suppose a + j = 2. Suppose r - 17 = -a. Is 16 a factor of r?
True
Let s = -535 - -810. Is s a multiple of 7?
False
Suppose p = 6 - 4. Suppose 5*n - p*x - 1378 = 108, -3*x = -4*n + 1193. Is n a multiple of 37?
True
Let a(z) = 5*z**2 + 5*z - 10. Suppose -y + 1 = -2. Does 9 divide a(y)?
False
Let p(a) be the second derivative of -a**5/20 + a**3/6 - 7*a. Let b(j) = 4*j**3 + 6*j**2 - 6*j + 12. Let g(w) = b(w) + 3*p(w). Does 6 divide g(-6)?
True
Let a(u) = -1 - 17*u - 1 + 0 - 13*u. Let z be a(-2). Let r = -16 + z. Does 14 divide r?
True
Suppose 2*p = 6, 2*l - 2*p - 379 = -p. Let v = l + -103. Is 11 a factor of v?
True
Suppose -2*w + 3*w - 68 = 0. Suppose w = 3*k - 193. Let f = 139 - k. Does 13 divide f?
True
Let u = 1797 + -1357. Is 22 a factor of u?
True
Let y = -30 + 35. Suppose y*b - 25 = 4*b. Is b a multiple of 9?
False
Let y(f) be the second derivative of f**5/20 + 5*f**4/12 + f**3 + 2*f**2 - 3*f. Let p be y(-3). Is 25 a factor of 7215/75 + p/5?
False
Suppose 50 = -5*s + 450. Let k be 48*s/12*1. Suppose -4*f + k = -144. Is f a multiple of 26?
False
Let n(u) = -131*u - 102. Does 54 divide n(-3)?
False
Let m be 39/5 + 15/75. Suppose 16*f = m*f + 2576. Is 13 a factor of f?
False
Suppose 2*m - 4*v - 580 = 0, -6*m + 3*v = -m - 1485. Does 25 divide m?
True
Let d(u) = -u**2 - u + 2. Suppose -6*o = -3*o. Let b be d(o). Is 7 - 3 - (b + -8) a multiple of 10?
True
Suppose -4*i + 8*i + 436 = 0. Let a = i + 164. Is 11 a factor of a?
True
Suppose 3*c + 30 = -q, 4*q + 4*c = 2*q - 60. Does 5 divide (q/18)/(2/(-6))?
True
Suppose 0 = 3*f - 9 - 0. Let h be 3/3 + -1*f. Does 5 divide (-10)/(-1*h/(-4))?
True
Let r(v) = -v + 1. Let l be r(-5). Suppose -3*q + l*q - 5*j = 30, 3*q - 4*j = 33. Is (-3)/q + (-782)/(-10) a multiple of 26?
True
Suppose 3*w = f - 17, -3*f + 62 = -w + 19. Suppose 2*l - f = -0*l. Does 7 divide l?
True
Let n be 10/(-25) - (-67)/5. Is 36 a factor of (-9)/4*(-45 + n)?
True
Suppose 4*n - 17 = 3. Let c(z) = z + 1. Let l(h) = -7*h - 4. Let w(d) = -6*c(d) - 2*l(d). Does 21 divide w(n)?
True
Let j(i) = 4*i**3 - 5*i**2 + 2*i + 4. Let o be -4*(-2 - 5/(-4)). Let l be j(o). Suppose l - 199 = -3*h. Does 14 divide h?
True
Suppose -3*h + 15 = -b, 5*b = 4*h - 10 + 1. Does 35 divide 7*(1 + 2 + h)?
False
Let j(u) = 2*u - 5. Let b be j(4). Suppose 3*w - z = -185, -2*z + 152 + 38 = -b*w. Let x = w + 100. Does 20 divide x?
True
Suppose 4*p - 42 = 2*l, 5*p + 4*l + 0*l = 20. Is 17 a factor of ((-28)/p + 2)*(-472)/3?
False
Suppose 2 = 2*d, 0*d = 3*z + 5*d - 335. Let v = 130 - z. Is v a multiple of 10?
True
Let h = -179 - -447. Is 30 a factor of h?
False
Suppose 5*u + 3*n + n - 2450 = 0, -2*u = 2*n - 982. Let x = -185 + u. Is 18 a factor of x?
False
Let v(k) = 3*k**2 + 3*k - 10. Let f = 2 - -6. Let a(y) = -y**3 + 7*y**2 + 8*y + 5. Let h be a(f). Does 20 divide v(h)?
True
Let n(d) = d**3 + d**2 + d + 6. Let m be n(0). Let a be -3 + m + (1 - 1). Suppose 228 = 7*q - a*q. Does 13 divide q?
False
Let a(x) = x**2 + x + 3. Let p(j) = -6*j**3 - j**2 + j - 1. Let z be p(1). Is 15 a factor of a(z)?
True
Suppose 4*d - 9 = -3*r + 6, -d = 5*r - 25. Suppose d = 4*p - z + 2*z - 412, 4 = -z. Is p a multiple of 52?
True
Let l be 2/11 + 57/(-11). Let a be -3*(l + 4)*1. Suppose 0 = -2*g - a*g + 280. Is 29 a factor of g?
False
Let w(r) = -2*r + 4. Let t be w(-2). Does 18 divide t/(-32) + (-1370)/(-16)*2?
False
Let z be 0*1/4 + 102. Suppose 5*y = 3*y + z. Let n = 135 - y. Does 14 divide n?
True
Suppose -5*l + 3*j + 6 = 25, -5*l + 2*j - 16 = 0. Suppose -5*z + 88 = 28. Let i = z + l. Is 10 a factor of i?
True
Let d(z) = z**3 + 2*z**2 + 2*z + 21. Suppose 6*s = 8*s. Is d(s) a multiple of 3?
True
Suppose -2*h + 2 + 6 = 0. Let x(k) = -1 + k**3 + 7*k**2 + 5*k**2 + 0*k**2 - 3*k**2 - h*k. Is x(-9) a multiple of 10?
False
Suppose 2*q - 4981 = -m, -262*q = -259*q + m - 7474. Is q a multiple of 16?
False
Let g(r) = -r**2 - 8*r - 5. Let q be g(-6). Suppose -2*f + q*f = -2*u + 26, 0 = -5*u + 15. Suppose 0 = -w + 5, -2*o - o = -f*w - 25. Is o a multiple of 5?
True
Let z(n) = 30*n**3 - n**2 + 3*n - 2. Let k = -23 - -25. Let s be z(k). Suppose -5*j = 0, -2*r = r - 2*j - s. Is 20 a factor of r?
True
Let r be 9*(0 + 123/(-9))*-1. Suppose -g = y + 3*y - r, -2*y + 54 = 2*g. Is y a multiple of 4?
True
Is ((-273)/(-52))/(-2*(-1)/16) a multiple of 19?
False
Let b(t) be the third derivative of 13*t**4/8 - 5*t**3/3 - 13*t**2. Does 46 divide b(5)?
False
Let a(m) be the third derivative of 1/60*m**5 + 5*m**2 + 0 + 0*m - m**3 - 1/24*m**4. Does 6 divide a(4)?
True
Is 1742/52*(3 - -11) a multiple of 67?
True
Let b(f) = 3*f - 15. Suppose 0 = -m - m. Suppose m = -0*h + 2*h + c - 18, 0 = -4*c + 8. Is 7 a factor of b(h)?
False
Let b(g) = -42*g - 16 - 32*g + 30*g - 20. Does 44 divide b(-6)?
False
Let q(t) = -t**2 - 12*t - 12. Let c be q(-8). Suppose 0*b - b = -c. Let p = 20 + b. Is 10 a factor of p?
True
Suppose -2*t = -b - 2017, 4994 = 5*t - 4*b - 50. Does 36 divide t?
True
Let h(n) = 25*n + 142. Does 23 divide h(-2)?
True
Let s(n) = n**2 - 3*n + 5. Let u be s(3). Suppose u*j - 300 = 550. Does 17 divide j?
True
Let o(s) = s**3 + 9*s**2 + 13*s - 2. Let c be o(-7). Suppose 4*v + 738 = c*k, -4*k - 172 + 778 = 2*v. Does 23 divide k?
False
Let r be 2*10/(-8)*-2. Suppose 3*h = -5*n + 595, -20*n + 19*n = -4*h + 824. Suppose -b - h = -5*u, -r*u - 5*b + 73 + 102 = 0. Is 20 a factor of u?
True
Let i(o) = 23*o - 104. Is i(23) a multiple of 43?
False
Let p(m) = -m**3 - 19*m**2 + 21*m + 14. Let b be p(-20). Does 23 divide 3542/(-33)*1/(b/9)?
True
Let m = 333 - 290. Does 5 divide m?
False
Let q = 310 - 216. Suppose 3*p - 85 = -4*o + q, p + 4*o = 65. Suppose -p - 91 = -4*v. Is 9 a factor of v?
False
Let t(s) = -11*s - 14. Let p be t(-7). Let y = p + -17. Does 16 divide y?
False
Let h(t) = 5*t + 1002. Does 18 divide h(0)?
False
Suppose 5*u = -0*u + 385. Is 89 + ((-2)/11 - 63/u) a multiple of 8?
True
Let i = 68 + -131. Let n be (2/(-6))/((-3)/i). Let q = -2 - n. Is q a multiple of 5?
True
Let r = -1230 + 1727. Is r/9 + 10/(-45) a multiple of 11?
True
Let m(h) = -h**3 + 14*h**2 - 32*h + 18. Is m(9) a multiple of 15?
True
Suppose 171*p = 159*p + 672. Is 11 a factor of p?
False
Let o(n) = 3*n + 7*n**2 + 5 - 3*n + 5*n - n**3 - 4*n. Let s be o(5). Is s*4*4/40 a multiple of 9?
False
Let f(n) 